60103
List the prime factors of 52673.
52673
What are the prime factors of 21306?
2, 3, 53, 67
List the prime factors of 183022.
2, 7, 17, 769
What are the prime factors of 9267?
3, 3089
List the prime factors of 992.
2, 31
What are the prime factors of 26418?
2, 3, 7, 17, 37
What are the prime factors of 778?
2, 389
List the prime factors of 6963.
3, 11, 211
List the prime factors of 29969.
23, 1303
List the prime factors of 82815.
3, 5, 5521
List the prime factors of 1361.
1361
List the prime factors of 31631.
47, 673
What are the prime factors of 1708?
2, 7, 61
What are the prime factors of 23007?
3, 7669
What are the prime factors of 65789?
65789
What are the prime factors of 124?
2, 31
What are the prime factors of 45813?
3, 15271
List the prime factors of 32783.
32783
List the prime factors of 90868.
2, 22717
What are the prime factors of 16571?
73, 227
List the prime factors of 1005.
3, 5, 67
List the prime factors of 3229.
3229
What are the prime factors of 14?
2, 7
List the prime factors of 5923.
5923
What are the prime factors of 18259?
19, 31
List the prime factors of 2088.
2, 3, 29
What are the prime factors of 6312?
2, 3, 263
What are the prime factors of 419?
419
List the prime factors of 2179.
2179
List the prime factors of 19658.
2, 9829
What are the prime factors of 4663?
4663
List the prime factors of 81340.
2, 5, 7, 83
List the prime factors of 30114.
2, 3, 7, 239
List the prime factors of 1714.
2, 857
List the prime factors of 11057.
11057
List the prime factors of 688.
2, 43
List the prime factors of 191656.
2, 23957
List the prime factors of 26357.
26357
List the prime factors of 5544.
2, 3, 7, 11
List the prime factors of 37974.
2, 3, 6329
What are the prime factors of 5126?
2, 11, 233
List the prime factors of 2424.
2, 3, 101
What are the prime factors of 47162?
2, 23581
What are the prime factors of 1532?
2, 383
What are the prime factors of 15743?
7, 13, 173
List the prime factors of 35692.
2, 8923
What are the prime factors of 9300?
2, 3, 5, 31
What are the prime factors of 27113?
19, 1427
What are the prime factors of 25590?
2, 3, 5, 853
What are the prime factors of 1879?
1879
List the prime factors of 4869.
3, 541
List the prime factors of 3617.
3617
What are the prime factors of 102329?
102329
What are the prime factors of 5585?
5, 1117
What are the prime factors of 52117?
13, 19, 211
List the prime factors of 4347.
3, 7, 23
List the prime factors of 27074.
2, 13537
List the prime factors of 5666.
2, 2833
List the prime factors of 1335.
3, 5, 89
List the prime factors of 1363.
29, 47
What are the prime factors of 2139?
3, 23, 31
What are the prime factors of 3800?
2, 5, 19
What are the prime factors of 588?
2, 3, 7
List the prime factors of 20887.
20887
What are the prime factors of 3172?
2, 13, 61
What are the prime factors of 16054?
2, 23, 349
List the prime factors of 323.
17, 19
What are the prime factors of 2069?
2069
List the prime factors of 1326.
2, 3, 13, 17
List the prime factors of 14370.
2, 3, 5, 479
What are the prime factors of 1239?
3, 7, 59
What are the prime factors of 13369?
29, 461
What are the prime factors of 1182?
2, 3, 197
What are the prime factors of 3078?
2, 3, 19
List the prime factors of 9278.
2, 4639
What are the prime factors of 964?
2, 241
List the prime factors of 748.
2, 11, 17
List the prime factors of 17820.
2, 3, 5, 11
What are the prime factors of 135251?
211, 641
What are the prime factors of 3511?
3511
What are the prime factors of 17067?
3, 5689
What are the prime factors of 160?
2, 5
List the prime factors of 1350.
2, 3, 5
What are the prime factors of 287?
7, 41
List the prime factors of 3532.
2, 883
What are the prime factors of 61431?
3, 20477
What are the prime factors of 2040?
2, 3, 5, 17
List the prime factors of 59095.
5, 53, 223
What are the prime factors of 36936?
2, 3, 19
List the prime factors of 163.
163
List the prime factors of 39463.
19, 31, 67
List the prime factors of 679.
7, 97
List the prime factors of 29348.
2, 11, 23, 29
List the prime factors of 35118.
2, 3, 1951
List the prime factors of 42249.
3, 14083
List the prime factors of 27234.
2, 3, 17, 89
List the prime factors of 124698.
2, 3, 7, 2969
What are the prime factors of 881?
881
What are the prime factors of 3123?
3, 347
What are the prime factors of 3933?
3, 19, 23
List the prime factors of 12482.
2, 79
List the prime factors of 20764.
2, 29, 179
List the prime factors of 10994.
2, 23, 239
What are the prime factors of 2673?
3, 11
List the prime factors of 5482.
2, 2741
What are the prime factors of 10907?
13, 839
What are the prime factors of 17475?
3, 5, 233
List the prime factors of 544.
2, 17
What are the prime factors of 7737?
3, 2579
What are the prime factors of 6980?
2, 5, 349
List the prime factors of 7011.
3, 19, 41
What are the prime factors of 59968?
2, 937
What are the prime factors of 1402?
2, 701
List the prime factors of 100183.
100183
List the prime factors of 622.
2, 311
What are the prime factors of 945?
3, 5, 7
List the prime factors of 24255.
3, 5, 7, 11
What are the prime factors of 49998?
2, 3, 13, 641
What are the prime factors of 2595?
3, 5, 173
What are the prime factors of 6239?
17, 367
List the prime factors of 8842.
2, 4421
List the prime factors of 606.
2, 3, 101
What are the prime factors of 1282?
2, 641
What are the prime factors of 4919?
4919
What are the prime factors of 3544?
2, 443
What are the prime factors of 1729?
7, 13, 19
What are the prime factors of 32456?
2, 4057
What are the prime factors of 5063?
61, 83
List the prime factors of 121031.
127, 953
List the prime factors of 208.
2, 13
List the prime factors of 60739.
7, 8677
List the prime factors of 9416.
2, 11, 107
List the prime factors of 5702.
2, 2851
List the prime factors of 53111.
173, 307
What are the prime factors of 12132?
2, 3, 337
List the prime factors of 4828.
2, 17, 71
What are the prime factors of 1220?
2, 5, 61
What are the prime factors of 26602?
2, 47, 283
What are the prime factors of 357?
3, 7, 17
List the prime factors of 191.
191
List the prime factors of 35694.
2, 3, 661
List the prime factors of 2175.
3, 5, 29
List the prime factors of 19139.
19139
What are the prime factors of 42348?
2, 3, 3529
What are the prime factors of 17140?
2, 5, 857
What are the prime factors of 422?
2, 211
What are the prime factors of 501?
3, 167
List the prime factors of 661.
661
What are the prime factors of 35795?
5, 7159
What are the prime factors of 80377?
11, 7307
List the prime factors of 8604.
2, 3, 239
What are the prime factors of 7189?
7, 13, 79
List the prime factors of 24399.
3, 2711
What are the prime factors of 1049?
1049
List the prime factors of 625.
5
List the prime factors of 166.
2, 83
List the prime factors of 1024.
2
List the prime factors of 21843.
3, 809
List the prime factors of 141075.
3, 5, 11, 19
List the prime factors of 17460.
2, 3, 5, 97
List the prime factors of 634.
2, 317
List the prime factors of 37442.
2, 97, 193
What are the prime factors of 7641?
3, 283
List the prime factors of 1276.
2, 11, 29
What are the prime factors of 10429?
10429
What are the prime factors of 54525?
3, 5, 727
What are the prime factors of 944?
2, 59
What are the prime factors of 54108?
2, 3, 167
What are the prime factors of 407?
11, 37
What are the prime factors of 33?
3, 11
List the prime factors of 27.
3
What are the prime factors of 43?
43
What are the prime factors of 819?
3, 7, 13
What are the prime factors of 273?
3, 7, 13
List the prime factors of 22450.
2, 5, 449
List the prime factors of 1217.
1217
List the prime factors of 39128.
2, 67, 73
What are the prime factors of 692?
2, 173
List the prime factors of 958.
2, 479
What are the prime factors of 158007?
3, 31, 1699
What are the prime factors of 35102?
2, 17551
List the prime factors of 12371.
89, 139
List the prime factors of 1988.
2, 7, 71
List the prime factors of 1452.
2, 3, 11
List the prime factors of 7741.
7741
What are the prime factors of 6858?
2, 3, 127
What are the prime factors of 6602?
2, 3301
What are the prime factors of 758?
2, 379
What are the prime factors of 3444?
2, 3, 7, 41
What are the prime factors of 10462?
2, 5231
What are the prime factors of 20210?
2, 5, 43, 47
List the prime factors of 724.
2, 